onvert 122430 (base 7) to base 10.
22512
Convert 10011000101100110001 (base 2) to base 4.
2120230301
25356250 (base 7) to base 3
11022211221021
Convert 475a92 (base 15) to base 16.
340cc1
What is -87c715 (base 16) in base 9?
-17662177
Convert 530235351 (base 6) to base 10.
9258547
What is 15a1b88 (base 14) in base 13?
2275435
-111000101010011010 (base 2) to base 5
-24411330
Convert 148163 (base 9) to base 15.
1c093
What is -6697e (base 16) in base 10?
-420222
Convert -2750513 (base 8) to base 12.
-314237
What is 8074b (base 12) in base 15?
34705
567434 (base 8) to base 14
50108
Convert 1259004 (base 10) to base 5.
310242004
Convert 1000011000101000111 (base 2) to base 10.
274759
Convert -233223221 (base 5) to base 4.
-10011111210
What is -54762341 (base 8) in base 6?
-1100405105
Convert -12002100020121 (base 3) to base 7.
-31656241
Convert -490276a (base 11) to base 7.
-132403612
1010011010000101100 (base 2) to base 13
bc2c7
Convert 10544 (base 10) to base 14.
3bb2
Convert 93b87 (base 14) to base 15.
70851
Convert -11100230 (base 5) to base 14.
-27484
What is -889239 (base 10) in base 4?
-3121012113
Convert 21735 (base 14) to base 15.
18eea
30023200 (base 4) to base 12
24a54
Convert 133025 (base 8) to base 5.
2442423
What is 1234302034 (base 5) in base 13?
82615c
What is b05011 (base 12) in base 4?
22132113031
-4204223 (base 7) to base 5
-112140242
Convert -210103020002 (base 4) to base 3.
-122220102211202
Convert 1000001000111110110 (base 2) to base 6.
5414530
What is 4274a88 (base 12) in base 16?
c03008
What is 201040 (base 7) in base 4?
20103001
124204013 (base 5) to base 6
21112245
What is 421313 (base 5) in base 10?
13958
What is 144d71 (base 15) in base 16?
eede6
Convert 34141340 (base 5) to base 13.
a7a32
Convert -5a226 (base 11) to base 7.
-511006
What is -86d98 (base 15) in base 12?
-187a52
Convert -22611 (base 15) to base 13.
-3aa1a
31101211 (base 4) to base 10
54373
Convert -21113003300 (base 4) to base 8.
-11270360
What is -773269 (base 10) in base 15?
-1041b4
1011211021200 (base 3) to base 2
10011000111011110010
-421454 (base 14) to base 13
-601a67
41fc97 (base 16) to base 2
10000011111110010010111
6708730 (base 10) to base 3
110121211122111
19c563 (base 13) to base 6
22015200
What is 53808 (base 12) in base 6?
2205212
Convert 12747222 (base 8) to base 11.
1690a77
Convert 10103311002 (base 4) to base 15.
174b49
What is -162c2 (base 13) in base 2?
-1010010011111111
-5762 (base 12) to base 8
-22772
304740 (base 13) to base 6
40031130
Convert -904922 (base 11) to base 6.
-51112132
-1771588 (base 9) to base 10
-991925
-1101210203 (base 4) to base 12
-14142b
1010120 (base 4) to base 5
120001
What is -113211233 (base 4) in base 9?
-156478
Convert -454126 (base 8) to base 7.
-1210031
What is -12041 (base 6) in base 12?
-1021
What is -120130321 (base 4) in base 5?
-11201103
Convert 10110001011111101001010 (base 2) to base 10.
5816138
Convert 112200221021 (base 3) to base 5.
33224431
Convert 1001111101101011110 (base 2) to base 15.
66b14
bc735 (base 15) to base 16
923d8
What is -33440 (base 13) in base 16?
-16b4a
Convert 2122020022101 (base 3) to base 8.
5262355
What is 131884 (base 10) in base 13?
4804c
What is -5cb88 (base 14) in base 10?
-227284
-110011201100122 (base 3) to base 11
-371a121
Convert -31020411 (base 5) to base 9.
-422714
Convert -201100020 (base 3) to base 6.
-145140
100011100100100100 (base 2) to base 6
3042312
-379911 (base 10) to base 14
-9c647
What is 2111222001 (base 3) in base 16?
c18a
What is -1202212020011 (base 3) in base 15?
-1391c4
Convert -305f2 (base 16) to base 6.
-4125134
What is 625016 (base 16) in base 4?
120211000112
What is -acee8 (base 15) in base 5?
-120100433
What is 11000100110101010 (base 2) in base 13?
36b42
Convert -2a173 (base 16) to base 7.
-1315430
What is 31b103 (base 14) in base 5?
412313041
Convert 169327 (base 14) to base 2.
11000001110000100111
-349a69 (base 12) to base 15
-11ac43
-241232040 (base 5) to base 3
-2002210021220
46670 (base 11) to base 15
14e53
Convert 255c02 (base 13) to base 2.
11011011010101100110
Convert -12202011021 (base 3) to base 5.
-12104420
What is -141544 (base 6) in base 5?
-412014
What is -21257d (base 15) in base 13?
-432c70
Convert 765363 (base 10) to base 14.
15cccb
Convert -1231101 (base 9) to base 10.
-670033
10593607 (base 10) to base 6
1015020251
What is -704a5 (base 16) in base 9?
-770825
What is 1245405 (base 6) in base 8?
206015
What is -163a5a9 (base 11) in base 5?
-1203431244
What is -333f2d (base 16) in base 13?
-9078ab
What is 52b010 (base 13) in base 5?
444002032
What is 1726da (base 14) in base 13?
226420
Convert -32695 (base 10) to base 13.
-11b60
What is -136a3 (base 14) in base 9?
-72716
Convert 201322652 (base 7) to base 8.
54512303
What is 18366 (base 10) in base 16?
47be
What is -10cef9 (base 16) in base 10?
-1101561
1b57cd (base 14) to base 7
11202346
-329144 (base 14) to base 5
-414342011
Convert 2822004 (base 9) to base 8.
5723042
Convert -2232201 (base 4) to base 11.
-8434
Convert 2322012210 (base 4) to base 8.
2720644
What is cc0fab (base 16) in base 6?
1154345403
Convert 1b09c8 (base 15) to base 10.
1318463
What is -23000313 (base 6) in base 13?
-1b679b
Convert 10100211000221 (base 3) to base 8.
6643215
Convert -61165 (base 9) to base 4.
-21310223
What is -10001000101100010 (base 2) in base 6?
-1300002
-53364a (base 13) to base 11
-1111a1a
What is 37178 (base 11) in base 8?
150306
Convert -149d95 (base 14) to base 12.
-2a8013
-312220441 (base 5) to base 10
-1288871
-90070 (base 13) to base 8
-766164
74e08 (base 15) to base 14
99305
-1b4aed (base 16) to base 7
-21126506
-7407225 (base 8) to base 9
-3632061
-3715246 (base 8) to base 2
-11111001101010100110
What is 1629850 (base 10) in base 8?
6157232
257a970 (base 12) to base 5
3342124230
What is 130134323 (base 6) in base 12?
a213a3
What is 200101 (base 11) in base 3?
121101000020
7570 (base 15) to base 14
90b5
-12000112122 (base 3) to base 6
-2041242
What is 571026 (base 8) in base 4?
233020112
Convert 213442 (base 5) to base 15.
22b7
-3436052 (base 9) to base 13
-4cc214
What is -364448 (base 11) in base 12?
-2399b7
Convert -1010111011000010101001 (base 2) to base 5.
-1213111043
What is 123404432 (base 5) in base 8?
2241223
What is -5215431 (base 7) in base 6?
-21231013
What is 33a823 (base 11) in base 6?
15334215
What is 2cc9a5 (base 16) in base 15?
3cea55
What is -1091c (base 14) in base 6?
-510050
What is 100111010010011110 (base 2) in base 14?
4290a
Convert -12205345 (base 6) to base 7.
-3213035
4744122 (base 9) to base 6
131014332
What is 1012044 (base 5) in base 9?
24600
177213 (base 11) to base 4
1002223113
What is 43132522 (base 6) in base 14?
2517b4
Convert 3040110 (base 7) to base 12.
155a13
What is -205524424 (base 6) in base 7?
-42616456
Convert -7e12c5 (base 16) to base 6.
-453031325
-2232022 (base 6) to base 5
-12110243
Convert -234504421 (base 6) to base 11.
-2552aa1
What is 5479141 (base 10) in base 2?
10100111001101011100101
Convert -9e0a (base 16) to base 5.
-2243313
Convert -596458 (base 10) to base 13.
-17b645
Convert -1683938 (base 12) to base 8.
-21574574
-62328 (base 12) to base 9
-215035
Convert 426665 (base 8) to base 9.
236756
40323455 (base 6) to base 11
713415
What is 63416 (base 14) in base 3?
110011120120
Convert -a2a18 (base 13) to base 6.
-10130311
What is 7204615 (base 8) in base 15?
278cae
Convert 21204044 (base 5) to base 12.
87475
Convert -1000201 (base 5) to base 16.
-3d3c
What is 244420000 (base 5) in base 10?
1170000
Convert 10211010100222 (base 3) to base 12.
81a7a5
35351411 (base 6) to base 16
10d59f
-142272 (base 12) to base 16
-51ef6
Convert -117458 (base 9) to base 4.
-101112302
What is 167541 (base 13) in base 16?
88758
What is -16ba59 (base 14) in base 6?
-25054115
Convert 39132 (base 11) to base 3.
2211220020
What is 1b347d (base 16) in base 9?
3316620
-21502232 (base 6) to base 7
-5330120
-37cbb (base 14) to base 11
-93a01
What is 3666165 (base 7) in base 11?
2a1420
4441213 (base 5) to base 12
38b57
Convert -3a6787 (base 11) to base 6.
-21403551
Convert -103210210320 (base 4) to base 3.
-100122122210110
Convert -718597 (base 10) to base 12.
-2a7a31
Convert 10110100111111010101001 (base 2) to base 9.
12138307
Convert 11022300310 (base